8516 a multiple of 195?
False
Is 5600 a multiple of 20?
True
Is 400 a factor of 1334800?
True
Is 11 a factor of 109747?
True
Does 182 divide 105560?
True
Does 149 divide 348362?
True
Does 53 divide 5126054?
True
Is 604282 a multiple of 119?
True
Is 17938366 a multiple of 2244?
False
Is 669887 a multiple of 507?
False
Is 18975 a multiple of 165?
True
Does 400 divide 2879026?
False
Is 29 a factor of 26274?
True
Is 78216 a multiple of 4?
True
Does 5 divide 38725?
True
Is 2344070 a multiple of 118?
True
Does 54 divide 193627?
False
Is 619 a factor of 9583977?
True
Does 455 divide 133737?
False
Is 34 a factor of 907107?
False
Is 15 a factor of 13180050?
True
Does 37 divide 77856?
False
Does 19 divide 171126?
False
Is 1071 a factor of 3532957?
False
Is 150633 a multiple of 7?
True
Is 21 a factor of 750771?
True
Is 87770 a multiple of 10?
True
Is 10 a factor of 79072?
False
Does 25 divide 288750?
True
Is 374481 a multiple of 164?
False
Is 2501224 a multiple of 88?
True
Does 25 divide 284775?
True
Is 371744 a multiple of 8?
True
Does 8 divide 516591?
False
Is 5 a factor of 17753?
False
Does 11 divide 13517?
False
Is 987412 a multiple of 295?
False
Is 4 a factor of 110372?
True
Does 4 divide 1591716?
True
Is 187015 a multiple of 113?
True
Does 104 divide 430144?
True
Does 14 divide 63227?
False
Is 24 a factor of 2556168?
True
Is 41 a factor of 15297715?
True
Is 1054 a factor of 4338067?
False
Is 176437 a multiple of 235?
False
Is 41454 a multiple of 98?
True
Is 18 a factor of 53825?
False
Is 379283 a multiple of 421?
False
Does 185 divide 2135586?
False
Is 629700 a multiple of 143?
False
Is 231 a factor of 273453?
False
Is 1991125 a multiple of 957?
False
Is 118050 a multiple of 50?
True
Is 11 a factor of 486200?
True
Is 93 a factor of 274225?
False
Does 8 divide 603464?
True
Does 402 divide 70591?
False
Does 657 divide 1968372?
True
Does 58 divide 711776?
True
Is 2458918 a multiple of 9?
False
Is 37710 a multiple of 5?
True
Does 4 divide 125836?
True
Does 5 divide 47595?
True
Does 398 divide 302269?
False
Does 650 divide 3932500?
True
Is 6993767 a multiple of 326?
False
Is 152549 a multiple of 68?
False
Does 51 divide 5049?
True
Is 6 a factor of 73704?
True
Does 537 divide 34518262?
False
Is 292 a factor of 226789?
False
Is 7 a factor of 587310?
False
Does 36 divide 499000?
False
Is 52 a factor of 3151252?
True
Is 62806 a multiple of 59?
False
Is 1661864 a multiple of 329?
False
Is 450 a factor of 32039036?
False
Is 744912 a multiple of 1008?
True
Does 11 divide 22846?
False
Is 24048 a multiple of 36?
True
Does 181 divide 326789?
False
Is 2 a factor of 106738?
True
Is 23066216 a multiple of 175?
False
Is 164520 a multiple of 18?
True
Does 23 divide 29954786?
True
Does 12 divide 26847?
False
Does 46 divide 70794?
True
Is 88 a factor of 839413?
False
Is 157869 a multiple of 27?
True
Is 8622648 a multiple of 24?
True
Is 15 a factor of 425910?
True
Is 161970 a multiple of 10?
True
Is 753244 even?
True
Is 23 a factor of 52992?
True
Is 607620 a multiple of 19?
True
Is 1113942 a multiple of 341?
False
Is 324245 a multiple of 158?
False
Is 22 a factor of 2770416?
True
Does 378 divide 3203265?
False
Is 196 a factor of 1697476?
False
Is 835249 a multiple of 590?
False
Is 307 a factor of 2377874?
False
Does 13 divide 22945?
True
Is 109 a factor of 5480121?
False
Does 36 divide 2117550?
False
Is 82368 a multiple of 6?
True
Is 103089 a multiple of 21?
True
Is 458 a factor of 19620720?
True
Does 72 divide 265968?
True
Is 100 a factor of 716600?
True
Does 53 divide 152922?
False
Is 2941680 a multiple of 15?
True
Does 8 divide 11080?
True
Does 46 divide 323751?
False
Is 355230 a multiple of 16?
False
Does 17 divide 20837?
False
Is 603249 a multiple of 28?
False
Is 147 a factor of 1212042?
False
Is 141932 a multiple of 74?
True
Is 170898 a multiple of 6?
True
Is 275710 a multiple of 79?
True
Is 980163 a multiple of 49?
False
Does 594 divide 222156?
True
Is 6 a factor of 783378?
True
Is 71 a factor of 2019311?
True
Is 467648 a multiple of 64?
True
Does 35 divide 84341?
False
Is 33457271 a multiple of 1189?
True
Is 12 a factor of 3444?
True
Is 488977 a multiple of 178?
False
Is 2 a factor of 44220?
True
Is 96208 a multiple of 14?
True
Is 6 a factor of 18840?
True
Does 554 divide 2493346?
False
Does 796 divide 54654?
False
Is 115909 a multiple of 16?
False
Is 5 a factor of 245726?
False
Is 57276 a multiple of 36?
True
Does 157 divide 1305612?
True
Is 1036 a factor of 12374004?
False
Is 16 a factor of 17436043?
False
Is 317934 even?
True
Does 30 divide 1027869?
False
Is 591480 a multiple of 424?
True
Does 68 divide 186796?
True
Is 10 a factor of 32960?
True
Is 433899 a multiple of 358?
False
Does 639 divide 3947742?
True
Is 7 a factor of 13022?
False
Is 18929 a multiple of 64?
False
Is 55463 a multiple of 29?
False
Is 268290 a multiple of 109?
False
Does 685 divide 1958415?
True
Does 46 divide 10442?
True
Is 134177 a multiple of 4?
False
Is 46 a factor of 623914?
False
Does 82 divide 4944073?
False
Does 13 divide 2138944?
False
Is 1402401 a multiple of 429?
True
Is 215170 a multiple of 10?
True
Is 50 a factor of 19617883?
False
Is 29837 a multiple of 61?
False
Is 727 a factor of 13402972?
True
Is 57768 a multiple of 83?
True
Does 12 divide 656736?
True
Is 1458669 a multiple of 514?
False
Does 16 divide 61464?
False
Does 49 divide 396595?
False
Is 215 a factor of 3230688?
False
Does 24 divide 2378920?
False
Is 1194687 a multiple of 418?
False
Does 26 divide 137849?
False
Is 10684519 a multiple of 131?
False
Is 6 a factor of 518880?
True
Does 31 divide 359970?
False
Is 21941 a multiple of 200?
False
Is 1872516 a multiple of 204?
True
Does 316 divide 563428?
True
Is 4706 even?
True
Is 1095360 a multiple of 168?
True
Does 152 divide 172520?
True
Does 33 divide 3252705?
False
Is 31 a factor of 13535065?
True
Does 10 divide 6442132?
False
Is 2219496 a multiple of 328?
False
Does 13 divide 227397?
False
Does 16 divide 29746?
False
Does 72 divide 334224?
True
Is 81 a factor of 460496?
False
Does 2 divide 430281?
False
Is 13153 even?
False
Does 39 divide 37245?
True
Is 3 a factor of 49802?
False
Is 111320 a multiple of 110?
True
Is 86896 a multiple of 406?
False
Does 50 divide 531142?
False
Is 3 a factor of 518107?
False
Is 1666195 a multiple of 29?
True
Does 4 divide 4367?
False
Is 58 a factor of 874700?
False
Is 96 a factor of 215712?
True
Is 32 a factor of 184987?
False
Is 20 a factor of 173160?
True
Is 266 a factor of 206150?
True
Does 126 divide 195194?
False
Does 56 divide 6104?
True
Does 23 divide 2150293?
True
Is 12679766 a multiple of 32?
False
Does 613 divide 2011866?
True
Does 51 divide 417333?
True
Does 94 divide 75482?
True
Is 49457 a multiple of 64?
False
Is 467 a factor of 157379?
True
Is 4 a factor of 22837?
False
Does 31 divide 437829?
False
Is 124917 a multiple of 53?
False
Is 395 a factor of 1098495?
True
Is 99 a factor of 126423?
True
Is 711288 a multiple of 111?
True
Does 42 divide 491555?
False
Does 227 divide 115521?
False
Is 232726 a multiple of 13?
True
Is 55 a factor of 1646205?
True
Is 92670 a multiple of 10?
True
Is 17555266 a multiple of 24?
False
Is 615714 a multiple of 22?
True
Is 128803 a multiple of 468?
False
Is 127060 a multiple of 27?
False
Does 11 divide 22495?
True
Does 29 divide 11611445?
False
Is 957 a factor of 2497689?
False
Does 215 divide 89788?
False
Is 323 a factor of 404719?
True
Is 279450 a multiple of 1350?
True
Is 3 a factor of 11033?
False
Is 138 a factor of 779634?
False
Is 4200200 a multiple of 11?
False
Is 1484327 a multiple of 50?
False
Is 67 a factor of 1273106?
False
Is 4 a factor of 4172?
True
Is 2126494 a multiple of 38?
False
Is 1518636 a multiple of 537?
True
Does 8 divide 640088?
True
Is 231213 a multiple of 37?
True
Is 96624 a multiple of 316?
False
Is 792 a factor of 889793?
False
Does 63 divide 14112?
True
Is 396152 a multiple of 10?
False
Is 2 a factor of 53435?
False
Is 145 a factor of 66326?
False
Is 5776575 a multiple of 19?
False
Does 19 divide 327898?
False
Does 2 divide 1196?
True
Is 6 a factor of 22422?
True
Is 353 a factor of 637759?
False
Does 211 divide 308577?
False
Does 50 divide 248080?
False
Is 51 a factor of 65535?
True
Is 184 a factor of 1153079?
False
Does 206 divide 1278204?
False
Is 218330 a 